{"id":13,"date":"2014-12-21T08:23:41","date_gmt":"2014-12-21T08:23:41","guid":{"rendered":"http:\/\/theme-fusion.com\/avada_demos_xml\/fashion\/?page_id=13"},"modified":"2025-04-10T16:26:10","modified_gmt":"2025-04-10T14:26:10","slug":"la-cantina","status":"publish","type":"page","link":"https:\/\/www.campodelsole.it\/it\/la-cantina\/","title":{"rendered":"LA CANTINA"},"content":{"rendered":"<p><div class=\"fusion-fullwidth fullwidth-box fusion-builder-row-1 nonhundred-percent-fullwidth non-hundred-percent-height-scrolling fusion-equal-height-columns\" style=\"--awb-background-position:left top;--awb-border-radius-top-left:0px;--awb-border-radius-top-right:0px;--awb-border-radius-bottom-right:0px;--awb-border-radius-bottom-left:0px;--awb-padding-top:165px;--awb-padding-bottom:0px;--awb-border-sizes-top:0px;--awb-border-sizes-bottom:0px;--awb-flex-wrap:wrap;\" ><div class=\"fusion-builder-row fusion-row\"><div class=\"fusion-layout-column fusion_builder_column fusion-builder-column-0 fusion_builder_column_1_1 1_1 fusion-one-full fusion-column-first fusion-column-last\" style=\"--awb-bg-size:cover;\"><div class=\"fusion-column-wrapper fusion-flex-column-wrapper-legacy\"><div class=\"fusion-text fusion-text-1\"><h2 style=\"text-align: center; margin-bottom: 10px;\">LA CANTINA<\/h2>\n<\/div><div class=\"fusion-text fusion-text-2\"><h5 style=\"text-align: center;\"><em>La sede di CAMPODELSOLE \u00e8 il risultato di un progetto che dedica organicamente a ogni lavorazione lo spazio giusto,<\/em><br \/>\n<em> in un alternarsi di vuoti e pieni che accompagnano la trasformazione della materia invece di imporsi su di essa.<\/em><br \/>\n<em> Un grande laboratorio, in cui ogni parte accompagna e facilita il processo che culmina nel vino,<\/em><br \/>\n<em> in armonia di forme e con tecnologie non intrusive.<\/em><\/h5>\n<\/div><div class=\"fusion-sep-clear\"><\/div><div class=\"fusion-separator fusion-full-width-sep\" style=\"margin-left: auto;margin-right: auto;margin-top:20px;width:100%;\"><\/div><div class=\"fusion-sep-clear\"><\/div><div class=\"fusion-text fusion-text-3\"><p style=\"text-align: center;\">La caratteristica morfologia dell&#8217;edificio e dei suoi interni, che si aprono ad accogliere i propri ospiti, testimoniano l&#8217;impegno con cui si \u00e8 voluta preservare la materia naturale e il benessere di chi la lavora. La cantina \u00e8 ubicata ai margini di un&#8217;area di notevole pregio paesaggistico con la volont\u00e0 di integrarsi con l&#8217;ambiente circostante. E&#8217; realizzata su due livelli con una differenza di quota di quasi cinque metri si adagia su due curve di livello cercando di ottimizzare il dislivello naturale e renderlo funzionale al sistema produttivo.<\/p>\n<\/div><div class=\"fusion-clearfix\"><\/div><\/div><\/div><\/div><\/div><div class=\"fusion-fullwidth fullwidth-box fusion-builder-row-2 nonhundred-percent-fullwidth non-hundred-percent-height-scrolling fusion-equal-height-columns\" style=\"--awb-background-position:left top;--awb-border-radius-top-left:0px;--awb-border-radius-top-right:0px;--awb-border-radius-bottom-right:0px;--awb-border-radius-bottom-left:0px;--awb-padding-top:30px;--awb-padding-bottom:200px;--awb-border-sizes-top:0px;--awb-border-sizes-bottom:0px;--awb-flex-wrap:wrap;\" ><div class=\"fusion-builder-row fusion-row\"><div class=\"fusion-layout-column fusion_builder_column fusion-builder-column-1 fusion_builder_column_1_1 1_1 fusion-one-full fusion-column-first fusion-column-last fusion-column-no-min-height\" style=\"--awb-bg-size:cover;--awb-margin-bottom:0px;\"><div class=\"fusion-column-wrapper fusion-flex-column-wrapper-legacy\"><div class=\"fusion-image-element in-legacy-container\" style=\"--awb-caption-title-font-family:var(--h2_typography-font-family);--awb-caption-title-font-weight:var(--h2_typography-font-weight);--awb-caption-title-font-style:var(--h2_typography-font-style);--awb-caption-title-size:var(--h2_typography-font-size);--awb-caption-title-transform:var(--h2_typography-text-transform);--awb-caption-title-line-height:var(--h2_typography-line-height);--awb-caption-title-letter-spacing:var(--h2_typography-letter-spacing);\"><span class=\" fusion-imageframe imageframe-none imageframe-1 hover-type-none\"><a href=\"https:\/\/www.campodelsole.it\/wp-content\/uploads\/2015\/10\/azienda_bg_1.jpg\" class=\"fusion-lightbox\" data-rel=\"iLightbox[11536ae90052b75fb34]\" data-title=\"azienda_bg_1\" title=\"azienda_bg_1\"><img decoding=\"async\" width=\"1688\" height=\"595\" src=\"https:\/\/www.campodelsole.it\/wp-content\/uploads\/2015\/10\/azienda_bg_1.jpg\" alt class=\"img-responsive wp-image-1401\" srcset=\"https:\/\/www.campodelsole.it\/wp-content\/uploads\/2015\/10\/azienda_bg_1-200x70.jpg 200w, https:\/\/www.campodelsole.it\/wp-content\/uploads\/2015\/10\/azienda_bg_1-400x141.jpg 400w, https:\/\/www.campodelsole.it\/wp-content\/uploads\/2015\/10\/azienda_bg_1-600x211.jpg 600w, https:\/\/www.campodelsole.it\/wp-content\/uploads\/2015\/10\/azienda_bg_1-800x282.jpg 800w, https:\/\/www.campodelsole.it\/wp-content\/uploads\/2015\/10\/azienda_bg_1-1200x423.jpg 1200w, https:\/\/www.campodelsole.it\/wp-content\/uploads\/2015\/10\/azienda_bg_1.jpg 1688w\" sizes=\"(max-width: 800px) 100vw, 1688px\" \/><\/a><\/span><\/div><div class=\"fusion-clearfix\"><\/div><\/div><\/div><\/div><\/div><\/p>\n","protected":false},"excerpt":{"rendered":"","protected":false},"author":3,"featured_media":0,"parent":0,"menu_order":0,"comment_status":"open","ping_status":"closed","template":"100-width.php","meta":{"footnotes":""},"class_list":["post-13","page","type-page","status-publish","hentry"],"yoast_head":"<!-- This site is optimized with the Yoast SEO plugin v27.1.1 - https:\/\/yoast.com\/product\/yoast-seo-wordpress\/ -->\n<title>La Cantina - Campodelsole<\/title>\n<meta name=\"description\" content=\"La cantina Campodelsole \u00e8 il risultato di un progetto che dedica organicamente a ogni lavorazione lo spazio giusto.\" \/>\n<meta name=\"robots\" content=\"index, follow, max-snippet:-1, max-image-preview:large, max-video-preview:-1\" \/>\n<link rel=\"canonical\" href=\"https:\/\/www.campodelsole.it\/it\/la-cantina\/\" \/>\n<meta property=\"og:locale\" content=\"it_IT\" \/>\n<meta property=\"og:type\" content=\"article\" \/>\n<meta property=\"og:title\" content=\"La Cantina - Campodelsole\" \/>\n<meta property=\"og:description\" content=\"La cantina Campodelsole \u00e8 il risultato di un progetto che dedica organicamente a ogni lavorazione lo spazio giusto.\" \/>\n<meta property=\"og:url\" content=\"https:\/\/www.campodelsole.it\/it\/la-cantina\/\" \/>\n<meta property=\"og:site_name\" content=\"Campodelsole\" \/>\n<meta property=\"article:modified_time\" content=\"2025-04-10T14:26:10+00:00\" \/>\n<meta property=\"og:image\" content=\"https:\/\/www.campodelsole.it\/wp-content\/uploads\/2015\/10\/azienda_bg_1.jpg\" \/>\n\t<meta property=\"og:image:width\" content=\"1688\" \/>\n\t<meta property=\"og:image:height\" content=\"595\" \/>\n\t<meta property=\"og:image:type\" content=\"image\/jpeg\" \/>\n<meta name=\"twitter:card\" content=\"summary_large_image\" \/>\n<meta name=\"twitter:label1\" content=\"Tempo di lettura stimato\" \/>\n\t<meta name=\"twitter:data1\" content=\"3 minuti\" \/>\n<script type=\"application\/ld+json\" class=\"yoast-schema-graph\">{\"@context\":\"https:\/\/schema.org\",\"@graph\":[{\"@type\":\"WebPage\",\"@id\":\"https:\/\/www.campodelsole.it\/it\/la-cantina\/\",\"url\":\"https:\/\/www.campodelsole.it\/it\/la-cantina\/\",\"name\":\"La Cantina - Campodelsole\",\"isPartOf\":{\"@id\":\"https:\/\/www.campodelsole.it\/it\/#website\"},\"primaryImageOfPage\":{\"@id\":\"https:\/\/www.campodelsole.it\/it\/la-cantina\/#primaryimage\"},\"image\":{\"@id\":\"https:\/\/www.campodelsole.it\/it\/la-cantina\/#primaryimage\"},\"thumbnailUrl\":\"https:\/\/www.campodelsole.it\/wp-content\/uploads\/2015\/10\/azienda_bg_1.jpg\",\"datePublished\":\"2014-12-21T08:23:41+00:00\",\"dateModified\":\"2025-04-10T14:26:10+00:00\",\"description\":\"La cantina Campodelsole \u00e8 il risultato di un progetto che dedica organicamente a ogni lavorazione lo spazio giusto.\",\"breadcrumb\":{\"@id\":\"https:\/\/www.campodelsole.it\/it\/la-cantina\/#breadcrumb\"},\"inLanguage\":\"it-IT\",\"potentialAction\":[{\"@type\":\"ReadAction\",\"target\":[\"https:\/\/www.campodelsole.it\/it\/la-cantina\/\"]}]},{\"@type\":\"ImageObject\",\"inLanguage\":\"it-IT\",\"@id\":\"https:\/\/www.campodelsole.it\/it\/la-cantina\/#primaryimage\",\"url\":\"https:\/\/www.campodelsole.it\/wp-content\/uploads\/2015\/10\/azienda_bg_1.jpg\",\"contentUrl\":\"https:\/\/www.campodelsole.it\/wp-content\/uploads\/2015\/10\/azienda_bg_1.jpg\"},{\"@type\":\"BreadcrumbList\",\"@id\":\"https:\/\/www.campodelsole.it\/it\/la-cantina\/#breadcrumb\",\"itemListElement\":[{\"@type\":\"ListItem\",\"position\":1,\"name\":\"Home\",\"item\":\"https:\/\/www.campodelsole.it\/it\/\"},{\"@type\":\"ListItem\",\"position\":2,\"name\":\"LA CANTINA\"}]},{\"@type\":\"WebSite\",\"@id\":\"https:\/\/www.campodelsole.it\/it\/#website\",\"url\":\"https:\/\/www.campodelsole.it\/it\/\",\"name\":\"Campodelsole\",\"description\":\"Scopri la cantina Campodelsole di Bertinoro - Emilia Romagna\",\"potentialAction\":[{\"@type\":\"SearchAction\",\"target\":{\"@type\":\"EntryPoint\",\"urlTemplate\":\"https:\/\/www.campodelsole.it\/it\/?s={search_term_string}\"},\"query-input\":{\"@type\":\"PropertyValueSpecification\",\"valueRequired\":true,\"valueName\":\"search_term_string\"}}],\"inLanguage\":\"it-IT\"}]}<\/script>\n<!-- \/ Yoast SEO plugin. -->","yoast_head_json":{"title":"La Cantina - Campodelsole","description":"La cantina Campodelsole \u00e8 il risultato di un progetto che dedica organicamente a ogni lavorazione lo spazio giusto.","robots":{"index":"index","follow":"follow","max-snippet":"max-snippet:-1","max-image-preview":"max-image-preview:large","max-video-preview":"max-video-preview:-1"},"canonical":"https:\/\/www.campodelsole.it\/it\/la-cantina\/","og_locale":"it_IT","og_type":"article","og_title":"La Cantina - Campodelsole","og_description":"La cantina Campodelsole \u00e8 il risultato di un progetto che dedica organicamente a ogni lavorazione lo spazio giusto.","og_url":"https:\/\/www.campodelsole.it\/it\/la-cantina\/","og_site_name":"Campodelsole","article_modified_time":"2025-04-10T14:26:10+00:00","og_image":[{"width":1688,"height":595,"url":"https:\/\/www.campodelsole.it\/wp-content\/uploads\/2015\/10\/azienda_bg_1.jpg","type":"image\/jpeg"}],"twitter_card":"summary_large_image","twitter_misc":{"Tempo di lettura stimato":"3 minuti"},"schema":{"@context":"https:\/\/schema.org","@graph":[{"@type":"WebPage","@id":"https:\/\/www.campodelsole.it\/it\/la-cantina\/","url":"https:\/\/www.campodelsole.it\/it\/la-cantina\/","name":"La Cantina - Campodelsole","isPartOf":{"@id":"https:\/\/www.campodelsole.it\/it\/#website"},"primaryImageOfPage":{"@id":"https:\/\/www.campodelsole.it\/it\/la-cantina\/#primaryimage"},"image":{"@id":"https:\/\/www.campodelsole.it\/it\/la-cantina\/#primaryimage"},"thumbnailUrl":"https:\/\/www.campodelsole.it\/wp-content\/uploads\/2015\/10\/azienda_bg_1.jpg","datePublished":"2014-12-21T08:23:41+00:00","dateModified":"2025-04-10T14:26:10+00:00","description":"La cantina Campodelsole \u00e8 il risultato di un progetto che dedica organicamente a ogni lavorazione lo spazio giusto.","breadcrumb":{"@id":"https:\/\/www.campodelsole.it\/it\/la-cantina\/#breadcrumb"},"inLanguage":"it-IT","potentialAction":[{"@type":"ReadAction","target":["https:\/\/www.campodelsole.it\/it\/la-cantina\/"]}]},{"@type":"ImageObject","inLanguage":"it-IT","@id":"https:\/\/www.campodelsole.it\/it\/la-cantina\/#primaryimage","url":"https:\/\/www.campodelsole.it\/wp-content\/uploads\/2015\/10\/azienda_bg_1.jpg","contentUrl":"https:\/\/www.campodelsole.it\/wp-content\/uploads\/2015\/10\/azienda_bg_1.jpg"},{"@type":"BreadcrumbList","@id":"https:\/\/www.campodelsole.it\/it\/la-cantina\/#breadcrumb","itemListElement":[{"@type":"ListItem","position":1,"name":"Home","item":"https:\/\/www.campodelsole.it\/it\/"},{"@type":"ListItem","position":2,"name":"LA CANTINA"}]},{"@type":"WebSite","@id":"https:\/\/www.campodelsole.it\/it\/#website","url":"https:\/\/www.campodelsole.it\/it\/","name":"Campodelsole","description":"Scopri la cantina Campodelsole di Bertinoro - Emilia Romagna","potentialAction":[{"@type":"SearchAction","target":{"@type":"EntryPoint","urlTemplate":"https:\/\/www.campodelsole.it\/it\/?s={search_term_string}"},"query-input":{"@type":"PropertyValueSpecification","valueRequired":true,"valueName":"search_term_string"}}],"inLanguage":"it-IT"}]}},"_links":{"self":[{"href":"https:\/\/www.campodelsole.it\/it\/wp-json\/wp\/v2\/pages\/13","targetHints":{"allow":["GET"]}}],"collection":[{"href":"https:\/\/www.campodelsole.it\/it\/wp-json\/wp\/v2\/pages"}],"about":[{"href":"https:\/\/www.campodelsole.it\/it\/wp-json\/wp\/v2\/types\/page"}],"author":[{"embeddable":true,"href":"https:\/\/www.campodelsole.it\/it\/wp-json\/wp\/v2\/users\/3"}],"replies":[{"embeddable":true,"href":"https:\/\/www.campodelsole.it\/it\/wp-json\/wp\/v2\/comments?post=13"}],"version-history":[{"count":9,"href":"https:\/\/www.campodelsole.it\/it\/wp-json\/wp\/v2\/pages\/13\/revisions"}],"predecessor-version":[{"id":2246,"href":"https:\/\/www.campodelsole.it\/it\/wp-json\/wp\/v2\/pages\/13\/revisions\/2246"}],"wp:attachment":[{"href":"https:\/\/www.campodelsole.it\/it\/wp-json\/wp\/v2\/media?parent=13"}],"curies":[{"name":"wp","href":"https:\/\/api.w.org\/{rel}","templated":true}]}}

<p><div class="fusion-fullwidth fullwidth-box fusion-builder-row-1 nonhundred-percent-fullwidth non-hundred-percent-height-scrolling fusion-equal-height-columns" style="--awb-background-position:left top;--awb-border-radius-top-left:0px;--awb-border-radius-top-right:0px;--awb-border-radius-bottom-right:0px;--awb-border-radius-bottom-left:0px;--awb-padding-top:165px;--awb-padding-bottom:0px;--awb-border-sizes-top:0px;--awb-border-sizes-bottom:0px;--awb-flex-wrap:wrap;" ><div class="fusion-builder-row fusion-row"><div class="fusion-layout-column fusion_builder_column fusion-builder-column-0 fusion_builder_column_1_1 1_1 fusion-one-full fusion-column-first fusion-column-last" style="--awb-bg-size:cover;"><div class="fusion-column-wrapper fusion-flex-column-wrapper-legacy"><div class="fusion-text fusion-text-1"><h2 style="text-align: center; margin-bottom: 10px;">LA CANTINA</h2>
</div><div class="fusion-text fusion-text-2"><h5 style="text-align: center;"><em>La sede di CAMPODELSOLE è il risultato di un progetto che dedica organicamente a ogni lavorazione lo spazio giusto,</em><br />
<em> in un alternarsi di vuoti e pieni che accompagnano la trasformazione della materia invece di imporsi su di essa.</em><br />
<em> Un grande laboratorio, in cui ogni parte accompagna e facilita il processo che culmina nel vino,</em><br />
<em> in armonia di forme e con tecnologie non intrusive.</em></h5>
</div><div class="fusion-sep-clear"></div><div class="fusion-separator fusion-full-width-sep" style="margin-left: auto;margin-right: auto;margin-top:20px;width:100%;"></div><div class="fusion-sep-clear"></div><div class="fusion-text fusion-text-3"><p style="text-align: center;">La caratteristica morfologia dell&#8217;edificio e dei suoi interni, che si aprono ad accogliere i propri ospiti, testimoniano l&#8217;impegno con cui si è voluta preservare la materia naturale e il benessere di chi la lavora. La cantina è ubicata ai margini di un&#8217;area di notevole pregio paesaggistico con la volontà di integrarsi con l&#8217;ambiente circostante. E&#8217; realizzata su due livelli con una differenza di quota di quasi cinque metri si adagia su due curve di livello cercando di ottimizzare il dislivello naturale e renderlo funzionale al sistema produttivo.</p>
</div><div class="fusion-clearfix"></div></div></div></div></div><div class="fusion-fullwidth fullwidth-box fusion-builder-row-2 nonhundred-percent-fullwidth non-hundred-percent-height-scrolling fusion-equal-height-columns" style="--awb-background-position:left top;--awb-border-radius-top-left:0px;--awb-border-radius-top-right:0px;--awb-border-radius-bottom-right:0px;--awb-border-radius-bottom-left:0px;--awb-padding-top:30px;--awb-padding-bottom:200px;--awb-border-sizes-top:0px;--awb-border-sizes-bottom:0px;--awb-flex-wrap:wrap;" ><div class="fusion-builder-row fusion-row"><div class="fusion-layout-column fusion_builder_column fusion-builder-column-1 fusion_builder_column_1_1 1_1 fusion-one-full fusion-column-first fusion-column-last fusion-column-no-min-height" style="--awb-bg-size:cover;--awb-margin-bottom:0px;"><div class="fusion-column-wrapper fusion-flex-column-wrapper-legacy"><div class="fusion-image-element in-legacy-container" style="--awb-caption-title-font-family:var(--h2_typography-font-family);--awb-caption-title-font-weight:var(--h2_typography-font-weight);--awb-caption-title-font-style:var(--h2_typography-font-style);--awb-caption-title-size:var(--h2_typography-font-size);--awb-caption-title-transform:var(--h2_typography-text-transform);--awb-caption-title-line-height:var(--h2_typography-line-height);--awb-caption-title-letter-spacing:var(--h2_typography-letter-spacing);"><span class=" fusion-imageframe imageframe-none imageframe-1 hover-type-none"><a href="https://www.campodelsole.it/wp-content/uploads/2015/10/azienda_bg_1.jpg" class="fusion-lightbox" data-rel="iLightbox[11536ae90052b75fb34]" data-title="azienda_bg_1" title="azienda_bg_1"><img decoding="async" width="1688" height="595" src="https://www.campodelsole.it/wp-content/uploads/2015/10/azienda_bg_1.jpg" alt class="img-responsive wp-image-1401" srcset="https://www.campodelsole.it/wp-content/uploads/2015/10/azienda_bg_1-200x70.jpg 200w, https://www.campodelsole.it/wp-content/uploads/2015/10/azienda_bg_1-400x141.jpg 400w, https://www.campodelsole.it/wp-content/uploads/2015/10/azienda_bg_1-600x211.jpg 600w, https://www.campodelsole.it/wp-content/uploads/2015/10/azienda_bg_1-800x282.jpg 800w, https://www.campodelsole.it/wp-content/uploads/2015/10/azienda_bg_1-1200x423.jpg 1200w, https://www.campodelsole.it/wp-content/uploads/2015/10/azienda_bg_1.jpg 1688w" sizes="(max-width: 800px) 100vw, 1688px" /></a></span></div><div class="fusion-clearfix"></div></div></div></div></div></p>

<!-- This site is optimized with the Yoast SEO plugin v27.1.1 - https://yoast.com/product/yoast-seo-wordpress/ -->
<title>La Cantina - Campodelsole</title>
<meta name="description" content="La cantina Campodelsole è il risultato di un progetto che dedica organicamente a ogni lavorazione lo spazio giusto." />
<meta name="robots" content="index, follow, max-snippet:-1, max-image-preview:large, max-video-preview:-1" />
<link rel="canonical" href="https://www.campodelsole.it/it/la-cantina/" />
<meta property="og:locale" content="it_IT" />
<meta property="og:type" content="article" />
<meta property="og:title" content="La Cantina - Campodelsole" />
<meta property="og:description" content="La cantina Campodelsole è il risultato di un progetto che dedica organicamente a ogni lavorazione lo spazio giusto." />
<meta property="og:url" content="https://www.campodelsole.it/it/la-cantina/" />
<meta property="og:site_name" content="Campodelsole" />
<meta property="article:modified_time" content="2025-04-10T14:26:10+00:00" />
<meta property="og:image" content="https://www.campodelsole.it/wp-content/uploads/2015/10/azienda_bg_1.jpg" />
	<meta property="og:image:width" content="1688" />
	<meta property="og:image:height" content="595" />
	<meta property="og:image:type" content="image/jpeg" />
<meta name="twitter:card" content="summary_large_image" />
<meta name="twitter:label1" content="Tempo di lettura stimato" />
	<meta name="twitter:data1" content="3 minuti" />
<script type="application/ld+json" class="yoast-schema-graph">{"@context":"https://schema.org","@graph":[{"@type":"WebPage","@id":"https://www.campodelsole.it/it/la-cantina/","url":"https://www.campodelsole.it/it/la-cantina/","name":"La Cantina - Campodelsole","isPartOf":{"@id":"https://www.campodelsole.it/it/#website"},"primaryImageOfPage":{"@id":"https://www.campodelsole.it/it/la-cantina/#primaryimage"},"image":{"@id":"https://www.campodelsole.it/it/la-cantina/#primaryimage"},"thumbnailUrl":"https://www.campodelsole.it/wp-content/uploads/2015/10/azienda_bg_1.jpg","datePublished":"2014-12-21T08:23:41+00:00","dateModified":"2025-04-10T14:26:10+00:00","description":"La cantina Campodelsole è il risultato di un progetto che dedica organicamente a ogni lavorazione lo spazio giusto.","breadcrumb":{"@id":"https://www.campodelsole.it/it/la-cantina/#breadcrumb"},"inLanguage":"it-IT","potentialAction":[{"@type":"ReadAction","target":["https://www.campodelsole.it/it/la-cantina/"]}]},{"@type":"ImageObject","inLanguage":"it-IT","@id":"https://www.campodelsole.it/it/la-cantina/#primaryimage","url":"https://www.campodelsole.it/wp-content/uploads/2015/10/azienda_bg_1.jpg","contentUrl":"https://www.campodelsole.it/wp-content/uploads/2015/10/azienda_bg_1.jpg"},{"@type":"BreadcrumbList","@id":"https://www.campodelsole.it/it/la-cantina/#breadcrumb","itemListElement":[{"@type":"ListItem","position":1,"name":"Home","item":"https://www.campodelsole.it/it/"},{"@type":"ListItem","position":2,"name":"LA CANTINA"}]},{"@type":"WebSite","@id":"https://www.campodelsole.it/it/#website","url":"https://www.campodelsole.it/it/","name":"Campodelsole","description":"Scopri la cantina Campodelsole di Bertinoro - Emilia Romagna","potentialAction":[{"@type":"SearchAction","target":{"@type":"EntryPoint","urlTemplate":"https://www.campodelsole.it/it/?s={search_term_string}"},"query-input":{"@type":"PropertyValueSpecification","valueRequired":true,"valueName":"search_term_string"}}],"inLanguage":"it-IT"}]}</script>
<!-- / Yoast SEO plugin. -->

La cantina Campodelsole è il risultato di un progetto che dedica organicamente a ogni lavorazione lo spazio giusto.
